))/((-1)/10). Let i(f) = 3*f + 9. Give i(o).
-9
Suppose -2*d + 3*q = -39, -q = -6*d - 5*q + 52. Let a(f) = f - 23. Give a(d).
-11
Let x(n) be the third derivative of -n**5/120 - n**4/4 + 55*n**3/6 + 96*n**2. Let u(f) be the first derivative of x(f). Calculate u(5).
-11
Let r(h) = 14*h - 1 + 3 + 3 - 17*h - 46. Give r(-12).
-5
Let z(g) be the third derivative of -g**4/24 - 3*g**3/2 - 544*g**2. Suppose -2*f + 10 = -r, 2*f - 37 = 5*r + 5*f. Determine z(r).
-1
Let m(s) = 2 + s - 3*s**2 - s**3 + 0*s**2 - 3. Let h(j) = -j**2 - 67*j - 969. Let n be h(-46). Determine m(n).
-4
Let l be ((-7)/(-14))/((-2)/4). Let i(t) be the third derivative of -t**4/8 + 2*t**3/3 - 14*t**2. Let h(d) = 1. Let c(b) = -3*h(b) + i(b). Calculate c(l).
4
Let g(p) = p**3 + 4*p**2 - 6*p - 10. Let v be g(-5). Let k(r) = -r - 4. Let s(m) = 7 + 3*m - 3*m + m. Let d(a) = 5*k(a) + 3*s(a). Calculate d(v).
11
Let c(q) = 11*q - 128. Let n(a) = 11*a - 86. Let f(u) = -3*c(u) + 2*n(u). What is f(18)?
14
Let k(p) = -p**2 - 7*p - 2. Let q(z) = -9*z + 18. Let r be q(-3). Suppose 0*x + 35 = 4*x + h, 5*x - r = -h. Let b be 2/((-50)/(-5)) - 52/x. What is k(b)?
8
Let n(p) be the first derivative of p**4/2 + 11*p**3/3 - 3*p**2 + p + 76. Let y = -43 - -37. What is n(y)?
1
Let g = -28 + 38. Suppose 14*b = g*b + 24. Let a(t) be the first derivative of -t**2 + t + 1. What is a(b)?
-11
Suppose -21*s + 23*s = 25*s + 230. Let m(x) = -x**3 - 9*x**2 + 9*x - 3. Calculate m(s).
7
Let x(p) = -p**3 + 16*p**2 - 14*p - 16. Suppose 0 = -2*q + 13*q - 4*d - 181, 3*d = -12. Determine x(q).
-1
Let s(f) = 5*f**2 - 40*f + 3 - 41*f + 2*f**2 - f**3 + 5 + 79*f. Suppose -36 = -3*w + 3*o, -4*w = 4*o - 5 - 3. Determine s(w).
-6
Let g(p) = p**3 + 12*p**2 + 7*p - 10. Suppose 0 = 3*d + x + 29, 4*x + 2 = 18. Calculate g(d).
34
Let l(t) = 21*t**2 + 50*t - 53. Let k(b) = 25*b**2 + 53*b - 50. Let i(z) = 5*k(z) - 6*l(z). What is i(-37)?
-6
Let z = 8742 + -8752. Let c(k) = -k**2 - 12*k - 17. Calculate c(z).
3
Let y(n) be the first derivative of -n**4/4 - n**2/2 - 5*n + 3194. Determine y(0).
-5
Let o(s) = 3*s + 10. Let a = 1107 + -1102. What is o(a)?
25
Let h(f) be the first derivative of f**3/6 + 3*f**2 - 15*f - 48. Let g(l) be the first derivative of h(l). Calculate g(5).
11
Let g(j) = 3*j**2 + 5*j + 3302931*j**3 + 1 - 3302929*j**3 - 4. What is g(-4)?
-103
Suppose -3*z = 9*z - 24. Suppose -z*u = 3*f, f - 4*u = -0*u. Suppose -2*c - 1 - 1 = f. Let w(y) = -2*y + 1. Calculate w(c).
3
Let v(x) be the first derivative of x**3/3 + 7*x**2 + 34*x + 1174. Give v(-11).
1
Let u(g) = -28*g - 112. Let i be 5/((-18)/(1296/90)). Determine u(i).
0
Let d(u) = -8*u**2 + 3*u + 10. Let t(k) = 9*k**2 - 5*k - 11. Let r(v) = -4*d(v) - 3*t(v). Determine r(-4).
61
Let i(s) = 10*s + 5. Let j(g) = -26*g - 12. Let b(z) = -11*i(z) - 4*j(z). Calculate b(2).
-19
Let q(j) = 3*j**2 - 9*j + 15. Suppose y - 2*l = -4*y + 29, 4*l - 5 = y. Let w(d) = -5*d**2 + 18*d - 28. Let u(k) = y*q(k) + 4*w(k). Calculate u(-10).
3
Let d(m) be the third derivative of 13/24*m**4 + 1/60*m**5 + 2 + 2*m**3 + 0*m + 6*m**2. What is d(-11)?
-10
Let k(l) = -l + 1. Let s(z) = -47*z - 846. Let r be s(-18). Determine k(r).
1
Let c(i) = 8*i**2 - 11 + 11*i - 115*i + 55*i + 53*i. Calculate c(4).
133
Let f(m) = -14*m**2 - 79*m - 17. Let u(q) = -5*q**2 - 27*q - 5. Let x(g) = 3*f(g) - 8*u(g). Calculate x(-10).
-1
Let c(x) = -4*x + 5*x - 2*x + 9 + 0*x. Suppose 0 = 3*i - 5*l - 9, 198*i - 197*i - 3*l = 3. Determine c(i).
6
Let o(n) = 6*n**2 + 2*n - 1. Suppose -2 = k - 4*y - 26, 3*k = 2*y + 62. Let w be (4/3)/(k/15). Determine o(w).
7
Let f = 2190 - 1505. Let w = -686 + f. Let j(l) = 19*l**3 - l - 1. Give j(w).
-19
Suppose m - 31 = -4*r, 0 = 2*r + 4*m + 3 - 1. Suppose 0 = -6*t + 3*t + 15. Let z(b) = -t + 1 - 6 + b - 1. Give z(r).
-2
Let x(b) = 4*b**3 + b + 1. Let o(a) = -35*a**3 + 3*a**2 - a + 1. Let i(m) = -o(m) - 9*x(m). What is i(-4)?
38
Let p(l) = 1 + 15435*l**2 + 6*l + 15462*l**2 - 30894*l**2. Suppose 0*z = -2*z - 8. Give p(z).
25
Let o(x) = -13*x - 80. Suppose -5*r + 0*r + 3*d - 29 = 0, -r = -5*d - 3. Determine o(r).
11
Let z(v) = -156*v**2 + 4*v**3 + 7*v - 3*v**3 + 164*v**2 - 9. Let g = 654 - 661. What is z(g)?
-9
Let x(z) be the second derivative of -2*z**3/3 + 8*z**2 + 55*z - 19. Calculate x(7).
-12
Let h(y) = -y**2 + 5. Let d(p) = 13*p - 77*p**2 - 34 - 67*p**2 + 143*p**2. Let m be d(10). What is h(m)?
-11
Let j(z) = -229*z + 679. Let b be j(3). Let r(v) = -7*v - 6 - 4*v**2 + 0*v + 3*v**2. What is r(b)?
-14
Let z(m) = 14*m - 229. Let y(k) = -26*k + 459. Let g(v) = 2*y(v) + 5*z(v). Give g(13).
7
Let q(g) = 4*g**2 + 2*g. Let w be 10/40 + 115/4. Let v(b) = -4*b - 62. Let y be v(-16). Suppose 2*l + w = 5*m, y*l + l = 5*m - 31. Calculate q(l).
12
Suppose 3*o - 21 = 6*o. Let i(j) = -2*j**2 + 11*j + 11. Let t = 235 - 238. Let y(a) = 3*a**2 - 21*a - 20. Let r(p) = t*y(p) - 5*i(p). Give r(o).
-2
Let w(t) = 10*t**2 + 3*t - 7. Let k(c) = -11*c**2 - 4*c + 9. Suppose -3*s - 2 = 4, -2*b = 2*s + 14. Let i(z) = b*w(z) - 4*k(z). Give i(2).
-23
Let g(a) be the first derivative of a**3/3 - 3*a**2/2 + 5*a + 334. Give g(0).
5
Let i(j) = -73*j + 1. Let d(p) = -96*p + 2. Let l(x) = 3*d(x) - 4*i(x). Let f(c) = 2*c**2 + c - 8. Let h be f(2). Calculate l(h).
10
Let b(u) = -66*u - 65*u + u**3 + 2*u**2 - 3*u**2 - u**2 - 7 + 135*u. What is b(4)?
41
Suppose -10*x + 5*x = -10. Let m(y) = y**3 - 2*y - 3. Let t be m(x). Let f(z) = -5*z**2 - 1. Determine f(t).
-6
Let l(r) = r**3 - 17*r**2 + 17*r - 20. Suppose 199 = c + 36*s - 34*s, -5*c + 930 = -3*s. Let t = c - 173. Calculate l(t).
-4
Suppose 380*u - 128 = 396*u. Let o(w) = w**2 + 8*w - 5. Give o(u).
-5
Let u(g) = -3 + 2 + 0 - 3*g - 3. Suppose -3*o + 39 = 4*d, -5*o + 28 = 2*d + 5. What is u(d)?
-31
Let f(v) = 23*v + 1. Suppose -8*q + 15*q - 21 = 0. Suppose 0*t + 5*t - 5*r = 0, -r + q = -4*t. Determine f(t).
-22
Let k(n) = -3*n**2 - 8*n + 9. Let w = 5394 + -5399. Determine k(w).
-26
Let r be ((-36)/16)/((-5)/(-4) + -2). Let a(b) = 10*b - 34. Determine a(r).
-4
Let c(a) = a + 1. Let x(h) = 1. Let f(i) = 7*i + 26. Let r(v) = f(v) + 5*x(v). Let o be r(-4). Suppose u + 3*l + 12 = -u, 2*u = o*l. Calculate c(u).
-2
Let b(l) = 4*l**3 + 16*l**2 + 10*l + 7. Let y be b(-3). Let u(p) = -p**3 + 14*p**2 - 13*p - 16. Give u(y).
-16
Let q(u) be the third derivative of -u**4/24 + u**3/6 - 13*u**2 - 52*u. Suppose 0 = -l - 5*j + 21, 45 = 5*l + 6*j - j. Determine q(l).
-5
Let m(j) be the first derivative of 8*j**3/3 - j - 1273. Determine m(1).
7
Let u(j) be the third derivative of -j**7/2520 - j**6/240 - j**5/30 + 11*j**4/4 + 3*j**2 + 3. Let k(p) be the second derivative of u(p). Calculate k(-3).
-4
Let u(n) = 10*n + 782 - n + 779 - 2317 + 778. Calculate u(6).
76
Let a(n) = n**2 + 8*n - 7. Let l be a(-9). Let q(r) = 6*r - 19*r + 7*r + 1 - r**l. Let w = -32 + 29. Give q(w).
10
Let h(n) = 6*n**3 - 10*n**2 - 81*n + 4. Let l(u) = 5*u**3 - 8*u**2 - 69*u + 3. Let c(i) = -6*h(i) + 7*l(i). Determine c(-4).
113
Let f(h) = 26*h**3 - 20*h**2 - 103*h - 29. Let q(s) = 69*s**3 - 60*s**2 - 309*s - 88. Let c(p) = 8*f(p) - 3*q(p). Calculate c(-10).
2
Let k be 15/(-9) + 2 - 14564/(-66). Let m(s) = k + 3*s - 106 - 113. What is m(-3)?
-7
Let o(k) = -5*k**2 + 53*k + 53. Let q(b) = 2*b**2 - 27*b - 27. Let c(n) = -3*o(n) - 5*q(n). Let w(t) = t**2 - 5*t - 5. Let g(s) = 2*c(s) - 11*w(s). Give g(10).
-23
Let g be 21/((55/10)/11). Let t = g + -42. Let d(o) be the second derivative of o**5/20 + o**3/6 - 5*o**2/2 - 2*o. What is d(t)?
-5
Suppose 18*r + 69 - 84 = -141. Let q(c) = c**3 + 6*c**2 - 8*c - 7. What is q(r)?
0
Let b(w) = -w + 14. Let m be b(11). Suppose g + 0*a + a - 6 = 0, m*g - a = 6. Let n(j) = 379 - 4*j - 381 + 3*j. What is n(g)?
-5
Let o be 3 + 0 - (-7 + 0). Suppose 2*a = -4, -4*r + o = 5*a - 4. Let m(y) = -2 + r + 0 - y. Give m(4).
0
Let g be ((-8)/(-10))/(2*5/525). Suppose -5*i - g = -47. Let z(w) = -15*w. Determine z(i).
-15
Suppose -216 = 4*k - i + 5*i, 222 = -4*k - i. Let d be (k/(-6))/((-14)/(-21)). Suppose -2*n = -9*n - d. Let l(m) = m**2 + m. Determine l(n).
2
Let o be (-2 + -1)*11/(-33). Let f(d) = o - 2 + 2*d - 6*d**2 + 7*d**2. Suppose -4 = -w - 4*s, 0 = -2*w + 4*s - 0*s - 16. Give f(w).
7
Let p(t) = -t + 1. Suppose 6*z + 24 = 48. Suppose -16 = -3*l + 5*a - 17, 0 = -5*l - z*a + 60. Give p(l).
-7
Let